 = -b - 24, -4*b + 1 + 3 = 0. What is the highest common factor of w and m?
5
Suppose 3*u + 36 = i, 11 + 30 = i + 2*u. Suppose 29*f - i = 26*f. Suppose 0 = m - 12 - 1. What is the greatest common divisor of m and f?
13
Let a = 161 - 137. Calculate the highest common factor of a and 64.
8
Let o = -121 + 130. Let x be (1/(5/o))/((-12)/(-40)). What is the highest common factor of 27 and x?
3
Let q be (0 + -4 - 893/(-38))*(-1 + 5). Suppose 3*c + 116 = 503. Let m = c - 77. What is the greatest common divisor of q and m?
26
Let d = 306 + -186. Calculate the highest common factor of d and 48.
24
Suppose 1 + 53 = 18*z. Suppose z*g = 3*t + 90, -4*g + 5*t = -3*g - 38. What is the highest common divisor of 4 and g?
4
Suppose -54 = 2*m - 3*m + 4*a, 0 = -5*m + 3*a + 338. Let t be 4*(-49)/21*33/(-22). Calculate the greatest common factor of t and m.
14
Suppose 10 = 2*j + n, 2*j - j - 5*n = 16. Suppose 0 = -21*v + 22*v - 4. Calculate the highest common divisor of j and v.
2
Let o be ((-276)/(4 + -10))/(4/54). Calculate the highest common factor of o and 23.
23
Let t = -547 + 565. Let k = -6 - -3. Let f be (1 - 0)*(24 - k). Calculate the highest common factor of f and t.
9
Let p = 632 + -290. Suppose 3*l - p = l. Calculate the highest common factor of 19 and l.
19
Let o(v) = v**2 - 10*v + 12. Let z be o(10). Let y = z - -13. Let r be (-1)/(1/(-20)*2). What is the highest common divisor of y and r?
5
Let q be -2 + -1 + 5 - 3 - -30. Calculate the highest common factor of q and 783.
29
Suppose 0 = 8*w + 30 - 110. What is the highest common divisor of 130 and w?
10
Let h be (-2)/(2/(-12)*3). Suppose h*m = 13 + 107. Let j be 48/18*15/2. Calculate the highest common divisor of j and m.
10
Suppose 4*q = 4*a - 8, 0*q + 2*q = -5*a - 4. Suppose 3*o - o = a. Suppose -2*k + 10 = -n - 25, 4*n - 20 = o. What is the highest common factor of k and 80?
20
Let w be (-15)/(-10) + 6/4. Let z be (-81)/(-1)*(w + -2). What is the greatest common factor of z and 27?
27
Let m = -539 - -584. What is the greatest common divisor of 120 and m?
15
Let x be 258/12 - 8/(-16). What is the highest common divisor of 121 and x?
11
Let o(t) = 3*t**3 - 32*t**2 - 10*t + 13. Let p be o(11). Let u(q) = 7*q**3 + 2*q**2 - q. Let z be u(1). What is the highest common factor of p and z?
8
Let p be ((-78)/(-156))/((-1)/364*-2). Let z be -6*(-1)/(-6)*-4. Suppose 4*j - p = -i, -3*i - 29 = -z*j + 50. Calculate the greatest common divisor of 66 and j.
22
Let i(a) = 34*a**2 + 28*a - 2. Let m be i(-4). Let g(v) = -4*v + 7. Suppose 2*j + 4 = -14. Let r be g(j). Calculate the highest common divisor of m and r.
43
Suppose -5*k = -3*b - 208, -2*k + 228 = 3*k + 2*b. Let l = 11 + k. Suppose h + 2*h = 15, 0 = 4*n - 5*h - l. What is the greatest common factor of 30 and n?
10
Let w = -1960 + 5530. What is the greatest common divisor of 14 and w?
14
Suppose 0 = -17*g + 5603 - 1557. Calculate the greatest common divisor of g and 28.
14
Let m = 57 - -15. Let g = m - 62. Calculate the highest common divisor of g and 2.
2
Let z be 108/(5/(6 + -26)). Suppose 4*f - 2*q = -24, 2*f - 2*q = -3*f - 30. Let r be (10/8)/(f/z). Calculate the highest common factor of 10 and r.
10
Let c = -952 + 960. What is the greatest common factor of c and 2?
2
Suppose 171*c = 159*c + 2436. What is the highest common factor of c and 116?
29
Let b = -54 + 18. Let d = b - -51. Let c(q) = q**3 - 8*q**2 + 5*q - 10. Let g be c(8). What is the highest common divisor of g and d?
15
Let y be 65 + (-1)/(3/(-30)). Let s = -37 + 62. Calculate the highest common divisor of y and s.
25
Let a be (0 + -1)*(14 + 10 + -4). Let t be (a/(-2))/(3 + 315/(-108)). What is the greatest common divisor of t and 40?
40
Let p be (7/(-3))/(76/(-12) - -6). Let z be (1 + 3 + -2)/(p/301). What is the greatest common factor of 43 and z?
43
Suppose -2*x - 4*m + 186 = 0, 4*m - 21 - 264 = -3*x. Let p be 1 + 17 + 0/(-1). Suppose 0 = -4*d + 2*d + p. Calculate the highest common divisor of d and x.
9
Let w = -76 + 72. Let q be ((-100)/(-16))/((-47)/12 - w). Calculate the greatest common factor of q and 3.
3
Let o = 6 + -5. Let m = o + 6. Let v(z) = -z**2 + 8*z - 1. Let l be v(m). What is the highest common factor of l and 24?
6
Suppose 14*g = 18*g - 12, 2*g = y - 1. Suppose -3*k + 4*s - 8 = -5*k, 4*s - 2 = k. Let x be k - 3 - (1 + -9). What is the highest common divisor of x and y?
7
Let s = -14 - -20. Let h(x) = -x**2 + 3*x - 27. Let j be h(0). Let c = 30 + j. What is the highest common divisor of s and c?
3
Let u = 123 + -35. Let d be (-1)/((-1990)/220 + 9). Calculate the greatest common factor of d and u.
22
Let q(x) = x**2 - 3*x + 2. Let h be q(1). Suppose h = -6*n + 120 + 144. Calculate the highest common factor of n and 4.
4
Let w = 11 + -5. Suppose w*y - 2*y = 12. Suppose 4*q + 2*x = 2*q + 38, q = -y*x + 27. Calculate the greatest common divisor of 5 and q.
5
Suppose -5*i - 10*i + 5610 = 0. Let f = -64 + 98. What is the highest common divisor of i and f?
34
Let l(m) = -12*m - 80. Let d be l(-8). Calculate the greatest common factor of d and 8.
8
Suppose -911 - 6193 = -3*r. Calculate the highest common divisor of r and 74.
74
Let w(x) = 9*x**2 + 39*x + 12. Let p be w(-5). What is the greatest common divisor of p and 546?
42
Suppose -4*c + 212 = -4*l, 9*c - 12*c - 2*l + 184 = 0. What is the highest common divisor of 29 and c?
29
Let v = -8 + 11. Suppose -166 + 34 = -v*s. Let x = 68 - s. What is the greatest common factor of x and 60?
12
Suppose -5*a - 3*j + 74 = -4*a, -2*j + 152 = 2*a. Calculate the greatest common factor of a and 3.
1
Let i = 95 - 77. Calculate the highest common divisor of 738 and i.
18
Let v = -483 + 199. Let k = 13 - v. Calculate the greatest common factor of k and 27.
27
Let f = -21 + 24. Let g(j) = j**3 + j**2 - 4*j. Let n be g(f). What is the greatest common divisor of n and 64?
8
Suppose -b - 6 = -12. Suppose -121 = -b*j + 149. Calculate the highest common divisor of j and 9.
9
Suppose -89*t + 53724 = -11691. What is the highest common factor of 30 and t?
15
Suppose 0 = 13*v - 12*v + 2, 4*g - 336 = -4*v. Calculate the highest common divisor of 1376 and g.
86
Let d be (224/(-21))/((-4)/36). What is the highest common divisor of d and 864?
96
Let t be 12*(55/10)/11. Calculate the greatest common factor of t and 9.
3
Let h be 0/(-1 + -1) + 3. Suppose -h*n + 63 = -57. Let c = n - 25. What is the greatest common divisor of c and 6?
3
Suppose 0 = -4*v - 13*h + 10*h + 14, 5*h = -30. Let u(m) = m**2. Let c be u(-2). Calculate the greatest common factor of v and c.
4
Let y(k) = k**2 + k - 4. Let u be y(-4). Suppose 0 = -2*z + 4*w - u, -2*z - w + 12 = -0*w. Calculate the highest common divisor of z and 8.
4
Suppose -5*k + 6*v = 3*v - 2692, -3*k + 3*v = -1614. What is the greatest common divisor of k and 99?
11
Suppose -3*b = 4*x - 355, -5*b = -0 - 5. What is the greatest common divisor of x and 32?
8
Suppose 0 = -3*d - 5*v + 5 + 14, v = 3*d - 43. Calculate the greatest common factor of 2951 and d.
13
Let h(a) = -4 + 4*a - 4*a - a. Let v be (-5 - -4)*3*3. Let k be h(v). Calculate the greatest common factor of 10 and k.
5
Suppose -4*r - 3*x + 582 = 0, -x - 256 = -5*r + 462. What is the highest common factor of r and 792?
72
Let b = 3 - 0. Suppose -9 = -b*l + 6. Let p(h) = -h**3 - 15*h**2 - 14*h + 2. Let y be p(-14). What is the greatest common divisor of l and y?
1
Let f = 368 - 306. Calculate the greatest common factor of f and 217.
31
Let a be 1*-2 - ((-2560)/4 - 10). Calculate the highest common factor of a and 36.
36
Suppose 5*t + 0*p - 5*p - 5 = 0, -12 = -5*t - 2*p. Suppose b - v - 11 = -t, -3*v - 17 = -b. Let d be b/2*60/25. Calculate the highest common divisor of d and 3.
3
Let p(l) = -l - 3. Let n be p(-5). Suppose -n*x + 69 = t - 4*t, -2*x + 2*t + 72 = 0. Suppose 44 = -5*k + 109. Calculate the highest common divisor of x and k.
13
Let u(m) = -10*m**2 - 76*m - 10. Let y be u(-5). Calculate the highest common factor of y and 320.
40
Suppose 20 = 4*i, -3*i + i = 5*z - 20. Let p be 30/1 - (-2)/z. Let r = -30 + p. Calculate the greatest common divisor of r and 5.
1
Let f(m) = 188*m**2 + 5*m - 3. Let j be f(-1). Suppose 75 = -c + 5*c + q, 0 = 4*c - q - 85. What is the highest common divisor of j and c?
20
Let k = 1582 - 822. Calculate the highest common diviso